mposite?
True
Is 234121 prime?
True
Is 2611 composite?
True
Is 355646 a composite number?
True
Is 25681 composite?
True
Is 15677 prime?
False
Is 22901 a prime number?
True
Is 390703 a prime number?
True
Is 8483 a prime number?
False
Is 284969 prime?
True
Is 46855 composite?
True
Is 282971 prime?
False
Is 4769007 a prime number?
False
Is 28123 a prime number?
True
Is 8301 composite?
True
Is 7079 prime?
True
Is 170421 a composite number?
True
Is 234533 a prime number?
False
Is 56243 a composite number?
True
Is 134935 prime?
False
Is 8287 a composite number?
False
Is 19277 composite?
True
Is 73691 a composite number?
True
Is 8263 a prime number?
True
Is 164413 composite?
False
Is 15859 a composite number?
False
Is 46241 composite?
True
Is 630043 a prime number?
True
Is 4409 prime?
True
Is 19231 prime?
True
Is 118909 prime?
False
Is 26327 prime?
False
Is 30071 prime?
True
Is 83833 prime?
True
Is 20431 prime?
True
Is 31847 composite?
False
Is 107741 a composite number?
False
Is 14503 prime?
True
Is 821 composite?
False
Is 328753 prime?
True
Is 272723 prime?
False
Is 1509 a composite number?
True
Is 199241 composite?
True
Is 16973 a composite number?
True
Is 9753 a prime number?
False
Is 477893 composite?
True
Is 8563 a prime number?
True
Is 458309 prime?
True
Is 461654 a prime number?
False
Is 64763 a composite number?
False
Is 50647 composite?
False
Is 93673 prime?
False
Is 8933 a prime number?
True
Is 887 a composite number?
False
Is 162314 a composite number?
True
Is 59583 a prime number?
False
Is 220622 a composite number?
True
Is 34393 a composite number?
True
Is 1629407 a prime number?
False
Is 101419 a composite number?
False
Is 619663 composite?
True
Is 8857 prime?
False
Is 1275569 prime?
True
Is 2302 a composite number?
True
Is 3069497 composite?
False
Is 27949 prime?
False
Is 13531 a prime number?
False
Is 8491 prime?
False
Is 20849 prime?
True
Is 14243 composite?
False
Is 11411 composite?
False
Is 4267 prime?
False
Is 44353 composite?
True
Is 6007 composite?
False
Is 10319 composite?
True
Is 39521 prime?
True
Is 366185 prime?
False
Is 105263 a composite number?
False
Is 13973 prime?
False
Is 1013227 a prime number?
True
Is 11467 a composite number?
False
Is 2626567 a composite number?
False
Is 2161 a prime number?
True
Is 20906 prime?
False
Is 27533 prime?
False
Is 604673 a composite number?
True
Is 7559 a prime number?
True
Is 38693 a composite number?
False
Is 2069971 a prime number?
False
Is 290645 composite?
True
Is 360121 a prime number?
False
Is 72139 a prime number?
True
Is 324173 a composite number?
True
Is 53353 composite?
False
Is 142019 prime?
True
Is 206891 a composite number?
True
Is 425813 composite?
False
Is 1621 prime?
True
Is 7151 a composite number?
False
Is 100973 a prime number?
False
Is 3163 prime?
True
Is 1093373 prime?
False
Is 19349 composite?
True
Is 12457 a composite number?
False
Is 9199 a prime number?
True
Is 203761 composite?
False
Is 76803 prime?
False
Is 18041 prime?
True
Is 3209 a composite number?
False
Is 51149 a prime number?
False
Is 22343 composite?
False
Is 17723 composite?
True
Is 67387 prime?
False
Is 248519 prime?
False
Is 28331 a prime number?
False
Is 11917 prime?
False
Is 39881 a prime number?
False
Is 684373 composite?
False
Is 21991 prime?
True
Is 3593 a composite number?
False
Is 81386 a composite number?
True
Is 313647 a prime number?
False
Is 20411 prime?
True
Is 123 a composite number?
True
Is 27833 composite?
True
Is 65597 a composite number?
True
Is 2221 a prime number?
True
Is 150511 a prime number?
False
Is 13589 prime?
False
Is 35023 a composite number?
False
Is 5667 prime?
False
Is 174441 composite?
True
Is 546331 prime?
False
Is 18007 a prime number?
False
Is 9491 a composite number?
False
Is 67361 prime?
False
Is 36029 a composite number?
True
Is 464593 composite?
True
Is 301931 a composite number?
True
Is 2557 a prime number?
True
Is 1372101 a composite number?
True
Is 1347 a prime number?
False
Is 2705 composite?
True
Is 8419 composite?
False
Is 15829 prime?
False
Is 438179 composite?
True
Is 88613 prime?
False
Is 8999 a prime number?
True
Is 6527 composite?
True
Is 737629 prime?
True
Is 133481 prime?
True
Is 131269 composite?
True
Is 7367 a prime number?
False
Is 13637 a prime number?
False
Is 644617 a prime number?
True
Is 7919 composite?
False
Is 21377 a composite number?
False
Is 197429 prime?
False
Is 1217 a prime number?
True
Is 296117 a composite number?
False
Is 15899 prime?
False
Is 170953 a composite number?
False
Is 68711 a prime number?
True
Is 12949 a composite number?
True
Is 2442971 prime?
True
Is 57527 composite?
False
Is 18811 composite?
True
Is 40459 a composite number?
False
Is 236233 a composite number?
True
Is 114783 a composite number?
True
Is 3397805 composite?
True
Is 2909 a composite number?
False
Is 3603 a composite number?
True
Is 439154 a prime number?
False
Is 29789 composite?
False
Is 11794 prime?
False
Is 67701 prime?
False
Is 2509721 prime?
True
Is 1048043 composite?
False
Is 16183 a prime number?
True
Is 931303 composite?
False
Is 49853 a prime number?
True
Is 81841 prime?
False
Is 1049 a prime number?
True
Is 25301 prime?
True
Is 56495 prime?
False
Is 8795 prime?
False
Is 523514 composite?
True
Is 43611 composite?
True
Is 9609 a prime number?
False
Is 579869 composite?
False
Is 7817 prime?
True
Is 93463 composite?
False
Is 620099 a prime number?
True
Is 3571 a composite number?
False
Is 595619 a prime number?
False
Is 13649 a composite number?
False
Is 1207 a composite number?
True
Is 21121 composite?
False
Is 52009 prime?
True
Is 9133 prime?
True
Is 8461 a prime number?
True
Is 46573 a composite number?
False
Is 25637 composite?
True
Is 22207 a composite number?
True
Is 310883 a composite number?
False
Is 2039 composite?
False
Is 767386 a composite number?
True
Is 3613 a prime number?
True
Is 625801 composite?
True
Is 841889 prime?
True
Is 74978 a composite number?
True
Is 150649 a prime number?
True
Is 20993 composite?
True
Is 162061 a composite number?
True
Is 8843 composite?
True
Is 26627 prime?
True
Is 184133 a prime number?
True
Is 11195 a prime number?
False
Is 410307 a composite number?
True
Is 24655 composite?
True
Is 363521 prime?
False
Is 10231 prime?
False
Is 60031 prime?
False
Is 673345 a composite number?
True
Is 43313 prime?
True
Is 395597 composite?
False
Is 5707 a prime number?
False
Is 94087 composite?
True
Is 533 a composite number?
True
Is 103297 a prime number?
False
Is 6947 prime?
True
Is 149851 composite?
True
Is 63793 prime?
True
Is 22553 composite?
True
Is 5627 a composite number?
True
Is 777221 composite?
False
Is 44017 composite?
False
Is 6731 composite?
True
Is 815 composite?
True
Is 5747 composite?
True
Is 6947 a prime number?
True
Is 26551 a prime number?
False
Is 20621 a composite number?
True
Is 138707 composite?
True
Is 7814 composite?
True
Is 3733 composite?
False
Is 478 prime?
False
Is 769 a composite number?
False
Is 24659 a composite number?
False
Is 50469 a prime number?
False
Is 3989 composite?
False
Is 3418 prime?
False
Is 2971 a composite number?
False
Is 88643 a prime number?
True
Is 6701 prime?
True
Is 3937 composite?
True
Is 153059 a prime number?
True
Is 460885 prime?
False
Is 2744185 a prime number?
False
Is 29501 a prime number?
True
Is 422179 a prime number?
False
Is 23119 a composite number?
True
Is 278879 a prime number?
True
Is 161911 composite?
False
Is 10037 a composite number?
False
Is 9109 a composite number?
False
Is 3045059 prime?
False
Is 114031 prime?
True
Is 2184047 composite?
False
Is 27731 a prime number?
False
Is 379 composite?
False
Is 21211 prime?
True
Is 298579 prime?
True
Is 229343 prime?
True
Is 1190603 composite?
True
Is 45311 prime?
False
Is 66901 a composite number?
True
Is 1353133 a composite number?
False
Is 613 a prime number?
True
Is 3833 a composite number?
False
Is 956963 a prime number?
False
Is 10517 a composite number?
True
Is 265141 a prime number?
True
Is 550381 composite?
True
Is 14914 a composite number?
True
Is 1449611 prime?
True
Is 708833 composite?
True
Is 8813 a prime number?
False
Is 426011 composite?
False
Is 20507 prime?
True
Is 7941 a prime number?
False
Is 17089 prime?
False
Is 170413 a prime number?
True
Is 16301 a prime number?
True
Is 204161 pr